 by 11?
5
Suppose -1250 = 14*f - 8208. Calculate the remainder when f is divided by 4.
1
Suppose -6*p + 66 = -54. Calculate the remainder when 29 is divided by p.
9
Let v(h) = -h**3 - 6*h**2 - 8*h + 7. Let q be v(5). Let k be (-16)/(-24) - q/6. What is the remainder when k - (-2)/(4/(-6)) is divided by 13?
10
Let s = 3 + -3. Suppose s = -0*x - 5*x - 5*r + 440, 3*r = 2*x - 176. Calculate the remainder when x is divided by 18.
16
Suppose 0 = 15*y + 49*y - 448. Let t(m) = -m + 7. Let d be t(5). Suppose -3*f - 3*k - 41 = -5*f, -2*k - 40 = -d*f. What is the remainder when f is divided by y?
5
What is the remainder when 225 is divided by (-140)/(-42) + 3/((-54)/(-12))?
1
Let d = -16 - -29. Let p = 248 - 161. Calculate the remainder when p is divided by d.
9
Let l = 1066 - 960. Calculate the remainder when l is divided by 93.
13
Let n(v) = 21*v**3 + 2*v**2 - 2*v + 1. Let y = -150 + 142. What is the remainder when 86/((y - -4) + 5) is divided by n(1)?
20
Let w(l) = -6*l**2 + 1 - 8*l**3 + 6*l**2 - 8*l**3. What is the remainder when w(-1) is divided by 5?
2
Suppose -2*k - 2*y - 6 = 0, -6*k + k - 33 = -y. Calculate the remainder when 34/(6/4*(-4)/k) is divided by 6.
4
Let w be (1 + 2 + 28)*-2. Let i be ((-3)/3)/(1/w). Suppose -3*b = -c + 18, -b = -5*c - 0*c + i. What is the remainder when 59 is divided by c?
11
Suppose -29*l = -7115 - 1991. What is the remainder when l is divided by 9?
8
Suppose -4*h = -h - 6. Suppose 3*b + h*n = n + 54, n = 0. Suppose 0 = -0*d - 3*d + b. What is the remainder when 28 is divided by d?
4
What is the remainder when -1*(-2)/(-4)*-2 - -1082 is divided by 31?
29
Let m = -2278 + 2280. Suppose -34 = -3*l + 2*r + 32, -3*l + 69 = -3*r. What is the remainder when l is divided by m?
0
Let x = 367 + -361. Let z(d) = -1 - 1 - 9 - d**2 + 11*d. What is the remainder when 35 is divided by z(x)?
16
Suppose -3*n + 38 = -82. What is the remainder when n is divided by 36?
4
Let v(q) = -2*q**3 + 36*q**2 + 9*q - 35. Calculate the remainder when 251 is divided by v(18).
124
Let q(l) = -2*l + 130. What is the remainder when q(21) is divided by 32?
24
Let o = 0 + -2. Let p(a) = 8*a - 8. Let n(w) = 4*w - 4. Let v(i) = -13*n(i) + 6*p(i). What is the remainder when v(o) is divided by 6?
0
Suppose -30*w = -21*w - 270. Suppose 0 = 4*a + 54 + 26. What is the remainder when w is divided by 1/((-10)/4)*a?
6
Let r be 25/(-4) + (-2)/(-8). Let o = 1 - r. What is the remainder when 20 is divided by o?
6
Let r(x) = -x**3 - 2*x**2 + 13*x - 4. What is the remainder when r(-6) is divided by 24?
14
What is the remainder when 38 is divided by -20*(3/(-12) - 1)?
13
Let t = 29 - -82. Suppose -42*z = -40*z - 32. Calculate the remainder when t is divided by z.
15
Suppose -6*b + 7*b = 0. Let v = 17 + b. Suppose 0 = 8*n - 11*n + 195. What is the remainder when n is divided by v?
14
What is the remainder when 100*1*528/440 is divided by 65?
55
Let s(q) = q - 2. Let f be s(16). Suppose 2*u = -2*p + f, 0*u = -u + 4. What is the remainder when 16 is divided by p?
1
Let n(f) = 18*f**2 + 16 - 3*f - 6 - 10*f**2 - 7*f**2. Calculate the remainder when 74 is divided by n(7).
36
Let z(d) = 2*d**2 - 3*d - 1. Let m be z(5). Let h = m + -13. What is the remainder when 41 is divided by h?
20
Let w(g) = 3*g**2 + 9*g - 8. Let h be w(1). Suppose -7*a + h*n + 440 = -3*a, a - 3*n = 120. Calculate the remainder when a is divided by 27.
24
Calculate the remainder when 78 - (-6)/(-24)*10*-2 is divided by 21.
20
Let v(r) = 2*r**3 + 16*r**2 + 3*r + 34. What is the remainder when v(-8) is divided by 9?
1
Let k(s) = -1. Let u(n) = n**2 - 7*n - 2. Let d(y) = 6*k(y) + u(y). Calculate the remainder when 36 is divided by d(9).
6
Suppose 9*x - 9 = 6*x. Suppose 38 = -2*l + 4*l + 4*i, -3*l = -x*i - 21. Calculate the remainder when (-376)/(-12) + (-2)/6 is divided by l.
9
Let q(b) = 19*b - 14. Let v be q(4). Let w = v + -56. Calculate the remainder when 19 is divided by w.
1
Suppose -5*b - 288 = -3*i, -3*i - 2*i + 5*b = -480. Suppose -p + i = 3*n, -3*p - 22 = -n - 0*p. What is the remainder when n is divided by 11?
9
Let o = 48 - -92. What is the remainder when o is divided by 73?
67
Suppose 589 = 4*c + 173. Suppose c = 9*z - 256. Calculate the remainder when z is divided by 21.
19
Suppose 0 = b - 5*g - 60, 0 = -8*b + 13*b + g - 196. Calculate the remainder when 76 is divided by b.
36
Suppose 2*b = -4*w + 3*w + 7, -b - 4*w + 14 = 0. Let c be 3 + b/4*4. Let h = c - -4. Calculate the remainder when h is divided by 2.
1
Let b(a) = 4*a**3 - 4*a**2 + 3*a - 2. Let l(d) = 1 - 17*d - 38*d - 21*d. Calculate the remainder when l(-1) is divided by b(2).
17
Let c(f) = f**3 + 7*f**2 - 2*f + 3. Let z be 6/4*4/(-6). Let u(n) = -50*n**3 - 2*n**2 - n. Calculate the remainder when u(z) is divided by c(-7).
15
Suppose -2*j = 4*y - 62, -2*y + 46 = j + 3*y. Let x(s) = 21*s + 8. Let b be x(-2). What is the remainder when j is divided by 4/((-48)/6) + b/(-4)?
5
Let h be (-2 - -1)/((-2)/(-10)). Let w = -8 - h. What is the remainder when 6 is divided by w - (1 + 0)*-5?
0
Let q(s) = -22*s - 3. Calculate the remainder when q(-2) is divided by (-1)/2*(-9 + 13/(-1)).
8
Suppose 4*n + n = 120. Suppose -3*t + 3*p - 2 = -2*t, 0 = t - p + 2. Calculate the remainder when 1/t + 572/8 is divided by n.
23
Let a = 31 + -21. Let c(k) = 9*k - 346. What is the remainder when c(40) is divided by a?
4
Suppose 0 = -185*k + 189*k - 104. Calculate the remainder when 103 is divided by k.
25
Suppose q - 101 = 2*l - 25, l = -q + 88. Calculate the remainder when q is divided by 43.
41
Let k = 14 - 15. Calculate the remainder when 24 is divided by (8 - k) + (10 - 6).
11
Suppose 4*o = 43 + 41. Let z(m) = 2*m**2 + 18*m + 1. Let x(k) = k**2 + 9*k. Let c(y) = -13*x(y) + 6*z(y). Calculate the remainder when o is divided by c(-9).
3
Suppose 105 + 27 = 11*v. What is the remainder when 789 is divided by v?
9
Let q(h) = h**2 - 3*h - 12. Let u be q(6). Calculate the remainder when 15 is divided by u + (3 + -4)*3.
0
Let a(j) be the first derivative of j**4/4 - 2*j**3/3 + 3*j**2/2 + 105*j + 24. What is the remainder when a(0) is divided by 53?
52
Let i(n) = -n**3 - 3*n**2 - 9*n + 5. Let r be i(-5). Suppose d - 6*d = r. Let k = -11 - d. What is the remainder when k is divided by 6?
3
What is the remainder when (2 + 73/(-2))/(3/(-28)) is divided by 81?
79
Suppose b + w - 1 = 0, w - 2 = 5*b - 19. Suppose -4*q = -b*c + 226, 0*c + 4*q = -2*c + 164. What is the remainder when c is divided by 20?
18
Suppose q - 5 = -2. Suppose -q*z = -z - 4. Suppose -z*m = -5*m + 186. Calculate the remainder when m is divided by 13.
10
Suppose 17*n - 19*n = -1052. What is the remainder when 2/8 + n/8 is divided by 23?
20
Let l(y) = -y**3 - 8*y**2 - 8*y - 6. Let h be l(-7). Let j be (10 + -71)/(h*-1). Let q = j - 15. What is the remainder when q is divided by 16?
14
Calculate the remainder when 13*(-63)/9*(-13)/7 is divided by 84.
1
Let k = 1887 - 1843. What is the remainder when k is divided by 23?
21
Let x(v) = -v**3 + 9*v**2 - 4*v - 13. What is the remainder when x(8) is divided by -1 + 5 + (-12)/(-6)?
1
Suppose j - 74 = 5*u, -3*j - 18 + 240 = 3*u. Let w(o) = o**3 - 2*o**2 - 4*o + 3. What is the remainder when j is divided by w(4)?
17
Suppose -89*t + 3864 = -20*t. What is the remainder when 1058 is divided by t?
50
Let z be -34 + 3/(9/(-12)). Let b = -35 - z. What is the remainder when 10 is divided by b?
1
Let y = 10 - -18. Suppose 10*m - 1040 = -10*m. Calculate the remainder when m is divided by y.
24
Let l(g) = -2*g**2 - 19*g + 92. Calculate the remainder when l(-11) is divided by 32.
27
Let m(i) be the third derivative of i**5/30 + i**3/6 - i**2. Let q(v) = -v**3 + 4*v**2 - 10*v + 3. Calculate the remainder when m(1) is divided by q(0).
0
Suppose 3*v = -t - 5, 0*v - 8 = 4*v + 2*t. Let x(n) = -161*n + 6. What is the remainder when x(v) is divided by 34?
31
Let h = -107 - -134. Calculate the remainder when 80 is divided by h.
26
Let u be 86 - (5/2 - (-8)/(-16)). Let d = -69 + u. What is the remainder when d is divided by 8?
7
Calculate the remainder when (-2415)/(-92)*84/9 is divided by 62.
59
Suppose 4*x = -l + 123, 3*x - 49 = x - 3*l. Suppose -y - 11 + x = 0. What is the remainder when 60 is divided by y?
18
Let q(z) = 6*z**2 + 4*z + 2. Suppose -y - 6 + 3 = 0, -4*y - 10 = -b. Ca